[INFO] fetching crate microformats 0.3.0...
[INFO] checking microformats-0.3.0 against master#e6e4f7ed1589e03bc2f6c5931c1a72e7947e8682 for beta-170-4
[INFO] extracting crate microformats 0.3.0 into /workspace/builds/worker-2-tc2/source
[INFO] validating manifest of crates.io crate microformats 0.3.0 on toolchain e6e4f7ed1589e03bc2f6c5931c1a72e7947e8682
[INFO] running `Command { std: CARGO_HOME="/workspace/cargo-home" RUSTUP_HOME="/workspace/rustup-home" "/workspace/cargo-home/bin/cargo" "+e6e4f7ed1589e03bc2f6c5931c1a72e7947e8682" "metadata" "--manifest-path" "Cargo.toml" "--no-deps", kill_on_drop: false }`
[INFO] started tweaking crates.io crate microformats 0.3.0
[INFO] finished tweaking crates.io crate microformats 0.3.0
[INFO] tweaked toml for crates.io crate microformats 0.3.0 written to /workspace/builds/worker-2-tc2/source/Cargo.toml
[INFO] crate crates.io crate microformats 0.3.0 already has a lockfile, it will not be regenerated
[INFO] running `Command { std: CARGO_HOME="/workspace/cargo-home" RUSTUP_HOME="/workspace/rustup-home" "/workspace/cargo-home/bin/cargo" "+e6e4f7ed1589e03bc2f6c5931c1a72e7947e8682" "fetch" "--manifest-path" "Cargo.toml", kill_on_drop: false }`
[INFO] running `Command { std: "docker" "create" "-v" "/var/lib/crater-agent-workspace/builds/worker-2-tc2/target:/opt/rustwide/target:rw,Z" "-v" "/var/lib/crater-agent-workspace/builds/worker-2-tc2/source:/opt/rustwide/workdir:ro,Z" "-v" "/var/lib/crater-agent-workspace/cargo-home:/opt/rustwide/cargo-home:ro,Z" "-v" "/var/lib/crater-agent-workspace/rustup-home:/opt/rustwide/rustup-home:ro,Z" "-e" "SOURCE_DIR=/opt/rustwide/workdir" "-e" "CARGO_TARGET_DIR=/opt/rustwide/target" "-e" "CARGO_HOME=/opt/rustwide/cargo-home" "-e" "RUSTUP_HOME=/opt/rustwide/rustup-home" "-w" "/opt/rustwide/workdir" "-m" "1610612736" "--user" "0:0" "--network" "none" "ghcr.io/rust-lang/crates-build-env/linux@sha256:19e73879b68f455e41552ea35293514db52ea292d993f571636dbffedb77a1ee" "/opt/rustwide/cargo-home/bin/cargo" "+e6e4f7ed1589e03bc2f6c5931c1a72e7947e8682" "metadata" "--no-deps" "--format-version=1", kill_on_drop: false }`
[INFO] [stdout] 3aaf173ac2d2e0f1a3793be08067c5b33c3233499b55077b7d1e493b13cdd347
[INFO] running `Command { std: "docker" "start" "-a" "3aaf173ac2d2e0f1a3793be08067c5b33c3233499b55077b7d1e493b13cdd347", kill_on_drop: false }`
[INFO] running `Command { std: "docker" "inspect" "3aaf173ac2d2e0f1a3793be08067c5b33c3233499b55077b7d1e493b13cdd347", kill_on_drop: false }`
[INFO] running `Command { std: "docker" "rm" "-f" "3aaf173ac2d2e0f1a3793be08067c5b33c3233499b55077b7d1e493b13cdd347", kill_on_drop: false }`
[INFO] [stdout] 3aaf173ac2d2e0f1a3793be08067c5b33c3233499b55077b7d1e493b13cdd347
[INFO] running `Command { std: "docker" "create" "-v" "/var/lib/crater-agent-workspace/builds/worker-2-tc2/target:/opt/rustwide/target:rw,Z" "-v" "/var/lib/crater-agent-workspace/builds/worker-2-tc2/source:/opt/rustwide/workdir:ro,Z" "-v" "/var/lib/crater-agent-workspace/cargo-home:/opt/rustwide/cargo-home:ro,Z" "-v" "/var/lib/crater-agent-workspace/rustup-home:/opt/rustwide/rustup-home:ro,Z" "-e" "SOURCE_DIR=/opt/rustwide/workdir" "-e" "CARGO_TARGET_DIR=/opt/rustwide/target" "-e" "CARGO_INCREMENTAL=0" "-e" "RUST_BACKTRACE=full" "-e" "RUSTFLAGS=--cap-lints=forbid" "-e" "RUSTDOCFLAGS=--cap-lints=forbid" "-e" "CARGO_HOME=/opt/rustwide/cargo-home" "-e" "RUSTUP_HOME=/opt/rustwide/rustup-home" "-w" "/opt/rustwide/workdir" "-m" "1610612736" "--user" "0:0" "--network" "none" "ghcr.io/rust-lang/crates-build-env/linux@sha256:19e73879b68f455e41552ea35293514db52ea292d993f571636dbffedb77a1ee" "/opt/rustwide/cargo-home/bin/cargo" "+e6e4f7ed1589e03bc2f6c5931c1a72e7947e8682" "check" "--frozen" "--all" "--all-targets" "--message-format=json", kill_on_drop: false }`
[INFO] [stdout] 86db21418e1a30b866e74f90989be8f3f9fe4367deb4e634bd5f5a4be7bfe728
[INFO] running `Command { std: "docker" "start" "-a" "86db21418e1a30b866e74f90989be8f3f9fe4367deb4e634bd5f5a4be7bfe728", kill_on_drop: false }`
[INFO] [stderr]    Compiling syn v1.0.98
[INFO] [stderr]    Compiling serde_derive v1.0.138
[INFO] [stderr]    Compiling serde v1.0.138
[INFO] [stderr]    Compiling serde_json v1.0.82
[INFO] [stderr]    Compiling string_cache_shared v0.3.0
[INFO] [stderr]    Compiling syn v0.15.44
[INFO] [stderr]    Compiling phf_shared v0.7.24
[INFO] [stderr]    Compiling rand_chacha v0.1.1
[INFO] [stderr]    Compiling rand_pcg v0.1.2
[INFO] [stderr]    Compiling rand v0.6.5
[INFO] [stderr]    Compiling rand_os v0.1.3
[INFO] [stderr]     Checking new_debug_unreachable v1.0.4
[INFO] [stderr]     Checking mac v0.1.1
[INFO] [stderr]     Checking precomputed-hash v0.1.1
[INFO] [stderr]     Checking aho-corasick v0.7.18
[INFO] [stderr]     Checking unicode-normalization v0.1.21
[INFO] [stderr]     Checking regex-syntax v0.6.27
[INFO] [stderr]     Checking time v0.1.44
[INFO] [stderr]    Compiling microformats v0.3.0 (/opt/rustwide/workdir)
[INFO] [stderr]     Checking futf v0.1.5
[INFO] [stderr]     Checking phf v0.7.24
[INFO] [stderr]     Checking tendril v0.4.3
[INFO] [stderr]     Checking idna v0.2.3
[INFO] [stderr]    Compiling phf_generator v0.7.24
[INFO] [stderr]    Compiling string_cache_codegen v0.4.4
[INFO] [stderr]    Compiling phf_codegen v0.7.24
[INFO] [stderr]    Compiling string_cache v0.7.5
[INFO] [stderr]     Checking regex v1.6.0
[INFO] [stderr]    Compiling thiserror-impl v1.0.31
[INFO] [stderr]     Checking env_logger v0.9.0
[INFO] [stderr]     Checking thiserror v1.0.31
[INFO] [stderr]    Compiling html5ever v0.22.5
[INFO] [stderr]     Checking chrono v0.4.19
[INFO] [stderr]     Checking url v2.2.2
[INFO] [stderr]     Checking assert-json-diff v2.0.2
[INFO] [stderr]    Compiling markup5ever v0.7.5
[INFO] [stdout] error[E0583]: file not found for module `test`
[INFO] [stdout]    --> src/lib.rs:131:1
[INFO] [stdout]     |
[INFO] [stdout] 131 | pub mod test;
[INFO] [stdout]     | ^^^^^^^^^^^^^
[INFO] [stdout]     |
[INFO] [stdout]     = help: to create the module `test`, create file "src/test.rs" or "src/test/mod.rs"
[INFO] [stdout] 
[INFO] [stdout] 
[INFO] [stdout] error[E0425]: cannot find function `enable_logging` in module `crate::test`
[INFO] [stdout]     --> src/parse.rs:1177:18
[INFO] [stdout]      |
[INFO] [stdout] 1177 |     crate::test::enable_logging();
[INFO] [stdout]      |                  ^^^^^^^^^^^^^^ not found in `crate::test`
[INFO] [stdout] 
[INFO] [stdout] 
[INFO] [stdout] error[E0425]: cannot find function `enable_logging` in module `crate::test`
[INFO] [stdout]     --> src/parse.rs:1502:18
[INFO] [stdout]      |
[INFO] [stdout] 1502 |     crate::test::enable_logging();
[INFO] [stdout]      |                  ^^^^^^^^^^^^^^ not found in `crate::test`
[INFO] [stdout] 
[INFO] [stdout] 
[INFO] [stdout] error[E0425]: cannot find function `enable_logging` in module `crate::test`
[INFO] [stdout]     --> src/parse.rs:1579:18
[INFO] [stdout]      |
[INFO] [stdout] 1579 |     crate::test::enable_logging();
[INFO] [stdout]      |                  ^^^^^^^^^^^^^^ not found in `crate::test`
[INFO] [stdout] 
[INFO] [stdout] 
[INFO] [stdout] error[E0425]: cannot find function `enable_logging` in module `crate::test`
[INFO] [stdout]     --> src/parse.rs:1893:18
[INFO] [stdout]      |
[INFO] [stdout] 1893 |     crate::test::enable_logging();
[INFO] [stdout]      |                  ^^^^^^^^^^^^^^ not found in `crate::test`
[INFO] [stdout] 
[INFO] [stdout] 
[INFO] [stdout] error[E0425]: cannot find function `enable_logging` in module `crate::test`
[INFO] [stdout]    --> src/types/temporal.rs:409:18
[INFO] [stdout]     |
[INFO] [stdout] 409 |     crate::test::enable_logging();
[INFO] [stdout]     |                  ^^^^^^^^^^^^^^ not found in `crate::test`
[INFO] [stdout] 
[INFO] [stdout] 
[INFO] [stdout] error[E0425]: cannot find function `enable_logging` in module `crate::test`
[INFO] [stdout]    --> src/types/temporal.rs:845:18
[INFO] [stdout]     |
[INFO] [stdout] 845 |     crate::test::enable_logging();
[INFO] [stdout]     |                  ^^^^^^^^^^^^^^ not found in `crate::test`
[INFO] [stdout] 
[INFO] [stdout] 
[INFO] [stdout] error[E0425]: cannot find function `enable_logging` in module `crate::test`
[INFO] [stdout]    --> src/types/temporal.rs:854:18
[INFO] [stdout]     |
[INFO] [stdout] 854 |     crate::test::enable_logging();
[INFO] [stdout]     |                  ^^^^^^^^^^^^^^ not found in `crate::test`
[INFO] [stdout] 
[INFO] [stdout] 
[INFO] [stdout] warning: variable does not need to be mutable
[INFO] [stdout]    --> src/types/temporal.rs:500:50
[INFO] [stdout]     |
[INFO] [stdout] 500 | ...                   s.time.as_mut().map(|mut t| {
[INFO] [stdout]     |                                            ----^
[INFO] [stdout]     |                                            |
[INFO] [stdout]     |                                            help: remove this `mut`
[INFO] [stdout]     |
[INFO] [stdout]     = note: `#[warn(unused_mut)]` on by default
[INFO] [stdout] 
[INFO] [stdout] 
[INFO] [stdout] error: aborting due to 8 previous errors
[INFO] [stdout] 
[INFO] [stdout] 
[INFO] [stdout] Some errors have detailed explanations: E0425, E0583.
[INFO] [stdout] 
[INFO] [stdout] For more information about an error, try `rustc --explain E0425`.
[INFO] [stdout] 
[INFO] [stderr] error: could not compile `microformats` (lib test) due to 9 previous errors
[INFO] [stderr] warning: build failed, waiting for other jobs to finish...
[INFO] [stdout] warning: 1 warning emitted
[INFO] [stdout] 
[INFO] [stdout] 
[INFO] running `Command { std: "docker" "inspect" "86db21418e1a30b866e74f90989be8f3f9fe4367deb4e634bd5f5a4be7bfe728", kill_on_drop: false }`
[INFO] running `Command { std: "docker" "rm" "-f" "86db21418e1a30b866e74f90989be8f3f9fe4367deb4e634bd5f5a4be7bfe728", kill_on_drop: false }`
[INFO] [stdout] 86db21418e1a30b866e74f90989be8f3f9fe4367deb4e634bd5f5a4be7bfe728
